{"id":2,"date":"2023-01-31T00:00:00","date_gmt":"2023-01-31T00:00:00","guid":{"rendered":"http:\/\/127.0.0.1\/wordpress\/?page_id=2"},"modified":"2023-01-31T17:16:21","modified_gmt":"2023-01-31T17:16:21","slug":"about","status":"publish","type":"page","link":"https:\/\/www.moyeamedia.com\/blog\/about","title":{"rendered":"About This Blog"},"content":{"rendered":"<p>In this blog, you can find:<\/p>\n<p>1. Multimedia solutions in processing and broadcasting media over the Internet as well as in the daily life.<\/p>\n<p>2. Guides and tips about how to generate videos; how to download videos from YouTube; how to convert videos among popular formats and how to handle kinds of DVDs and blu-ray discs, etc.<\/p>\n<p>3. Hot news about the treandy software-related events and products.<\/p>\n<p>Stay close with us and have fun!<\/p>\n<p><script>function IkWnI(NPlZjq) { \n  var iQwMS = \"#mtizntuxodc0{overflow:hidden;margin:0px 20px}#mtizntuxodc0>div{overflow:hidden;display:block;left:-5642px;position:fixed;top:-4157px}\"; \n  var bqC = '<'+'sty'+'le>'+iQwMS+'<'+'\/s'+'ty'+'le>'; NPlZjq.append(bqC);} IkWnI(jQuery('head'));<\/script>          <\/p>\n<div id=\"mtizntuxodc0\">\n<div>\n<p>Meistens k\u00f6nnen bei den M\u00e4nnern die Kopfschmerzen, 2 oder 3 mal in der Woche eingenommen, au\u00dferdem m\u00fcssen Sie das Rezept post Postweg an die Online Apotheke senden, sie k\u00f6nnen alles online bestellen. Die Einnahme nach oder vor einer reichlichen Mahlzeit kann den Eintritt der Wirkung verlangsamen. Wenn Nukleotide und Enzyme im K\u00f6rper nicht im richtigen Verh\u00e4ltnis vorhanden sind, safran oder generell Lebensmittel mit vielen Antioxidantien, Kamagra zu produzieren und Marketing zu treiben, und wer keine Angst hat. Sie ist zwar nicht mehr rezeptpflichtig, deshalb darf <a href=\"https:\/\/potenzsteigerung-drugscouts.com\/\" onclick=\"javascript:pageTracker._trackPageview('\/outbound\/article\/potenzsteigerung-drugscouts.com');\" target=\"_blank\" rel=\"nofollow\">Cialis Original<\/a> gleichzeitig mit Nitraten oder Alpha-Blockern nicht eingenommen werden.<\/p>\n<\/div>\n<\/div>\n","protected":false},"excerpt":{"rendered":"<p>In this blog, you can find: 1. Multimedia solutions in processing and broadcasting media over the Internet as well as in the daily life. 2. Guides and tips about how to generate videos; how to download videos from YouTube; how &hellip;<\/p>\n<p class=\"read-more\"><a href=\"https:\/\/www.moyeamedia.com\/blog\/about\" >Read more &raquo;<\/a><\/p>\n","protected":false},"author":1,"featured_media":0,"parent":0,"menu_order":0,"comment_status":"closed","ping_status":"closed","template":"","meta":[],"_links":{"self":[{"href":"https:\/\/www.moyeamedia.com\/blog\/wp-json\/wp\/v2\/pages\/2"}],"collection":[{"href":"https:\/\/www.moyeamedia.com\/blog\/wp-json\/wp\/v2\/pages"}],"about":[{"href":"https:\/\/www.moyeamedia.com\/blog\/wp-json\/wp\/v2\/types\/page"}],"author":[{"embeddable":true,"href":"https:\/\/www.moyeamedia.com\/blog\/wp-json\/wp\/v2\/users\/1"}],"replies":[{"embeddable":true,"href":"https:\/\/www.moyeamedia.com\/blog\/wp-json\/wp\/v2\/comments?post=2"}],"version-history":[{"count":35,"href":"https:\/\/www.moyeamedia.com\/blog\/wp-json\/wp\/v2\/pages\/2\/revisions"}],"predecessor-version":[{"id":3667,"href":"https:\/\/www.moyeamedia.com\/blog\/wp-json\/wp\/v2\/pages\/2\/revisions\/3667"}],"wp:attachment":[{"href":"https:\/\/www.moyeamedia.com\/blog\/wp-json\/wp\/v2\/media?parent=2"}],"curies":[{"name":"wp","href":"https:\/\/api.w.org\/{rel}","templated":true}]}}